4 is divided by g*(-3 + (-9)/(-4))?
1
Suppose -6 = -3*m + 75. Suppose 3*q - 36 = m. What is the remainder when q is divided by 8?
5
Suppose -91 = -4*a - 5*q, -2 = -a + 5*q + 2. What is the remainder when 35 is divided by a?
16
Let h = -7 - -22. Calculate the remainder when 24 is divided by h.
9
Let c(l) = 19*l**2 - 3*l + 1. Let h be c(2). Suppose 21 - h = -5*y. Calculate the remainder when 27 is divided by y.
7
What is the remainder when 660/42 - (-4)/14 is divided by 3/9*0 - -6?
4
Let m be (-6*1)/(-1 - 1). Suppose -m = 3*a - 6*a, 31 = 4*u + 3*a. Calculate the remainder when 20 is divided by u.
6
Let q = 33 - 20. What is the remainder when q is divided by 7?
6
Let i = -16 + 27. Calculate the remainder when 31 is divided by i.
9
Suppose -2*c - 3 - 1 = 0, -210 = -3*z + 3*c. What is the remainder when z is divided by 18?
14
Let o = 47 - 14. What is the remainder when o is divided by (-102)/4*4/(-6)?
16
Let l(z) = -26*z. Let h(p) = 2 + p - p**2 + 4 - 3 + 11. Calculate the remainder when l(-1) is divided by h(0).
12
Calculate the remainder when (-15)/((-4)/(-8) - 1) is divided by 16.
14
Let j(p) = p + 58. Calculate the remainder when 177 is divided by j(-13).
42
Suppose -19 = 4*t + 41. Let z = t - -10. Calculate the remainder when 22 is divided by z/10 - (-34)/4.
6
Let d(p) = -p**3 - 3*p**2 - 7. What is the remainder when d(-5) is divided by (-33)/2*6/(-9)?
10
Let s(m) = -2*m + 6. Let i be s(7). Let a(g) = -3*g + 3*g - g. Calculate the remainder when 14 is divided by a(i).
6
Let w = 118 - 50. Let b = 0 - -1. What is the remainder when w is divided by (b - -22) + 1 + -1?
22
Suppose 0*s - 36 = -4*d - 3*s, -36 = -4*d - 5*s. Calculate the remainder when 40 is divided by d.
4
Suppose 5*c - 44 = 26. What is the remainder when 26 is divided by c?
12
Let h(l) = 21*l**3 + l**2 - 1. Suppose 0 = 4*i + 3*d + 11, -i - 3*i - 4*d - 16 = 0. Calculate the remainder when h(i) is divided by 11.
10
Let x(a) = 4*a**2 + 2*a + 2. Let j be x(-2). Let b = j + -7. Let f = -14 + 26. Calculate the remainder when f is divided by b.
5
Let m = 21 + -7. Suppose o = a - 2*o - m, 3*a - 31 = -2*o. Calculate the remainder when a is divided by 4.
3
Suppose -t + 0*z + 4 = 3*z, t = -2*z + 4. What is the remainder when 13 is divided by t?
1
Let h be ((-8)/12)/(2/(-6)). What is the remainder when 31 is divided by 198/(-12)*h/(-3)?
9
Suppose 4*l - 15 = 5*m + 72, 60 = 3*l - 2*m. Calculate the remainder when 106*1/(-4)*(0 - 2) is divided by l.
17
Let j(k) = 112*k**3 - 1. What is the remainder when j(1) is divided by 28?
27
Suppose -7*j + 20 = -2*j + 3*y, 0 = 5*j - 3*y - 20. Suppose -7*m = -j*m - 27. What is the remainder when 35 is divided by m?
8
What is the remainder when 67 is divided by 0 - -28*((-3)/(-2) - 1)?
11
Let y be (2*-53)/(-2 - 0). Suppose -4*k = -2*v - 3 + y, -5*v = k - 180. Let q = 22 - 10. What is the remainder when v is divided by q?
11
Let l(h) = h**3 + 6*h**2 + h - 5. What is the remainder when 36 is divided by l(-3)?
17
Suppose 0 = 5*u - 2*a - 30, -2*u + 0*u - 4*a + 36 = 0. Let g be -2 + 1/(2/u). Suppose -27 = -g*h + 73. Calculate the remainder when h is divided by 17.
16
Suppose -f = 4*s - 3, -2*s - 3 = 4*f - 5*f. What is the remainder when 5 is divided by f?
2
Let o(h) = -h**3 - h + 3. What is the remainder when 5 is divided by o(0)?
2
Let d = 148 + -79. What is the remainder when d is divided by 18?
15
Suppose 4*y - 53 - 24 = -3*a, 5*a + y - 134 = 0. Suppose 70 = t + t. Suppose -t = -4*b + 21. What is the remainder when a is divided by b?
13
Let g = 43 - 22. What is the remainder when g is divided by 4?
1
Let s = -25 + 49. Calculate the remainder when 69 is divided by s.
21
Suppose -38 = -m - 4*m + x, 2*x + 4 = m. Suppose -r = 3*u - 37, 0 = -4*r + m + 8. What is the remainder when 20 is divided by u?
9
Let y = -159 - -178. Calculate the remainder when 35 is divided by y.
16
Let n = -246 - -353. What is the remainder when n is divided by 27?
26
Let v(f) = f + 9. Let s = 17 + -30. Let p = s + 23. What is the remainder when p is divided by v(-3)?
4
Let j(n) = -n + 4. What is the remainder when 103 is divided by j(-22)?
25
Let u(p) = 4*p + 12. Let j = 12 - 6. Calculate the remainder when u(j) is divided by 20.
16
Suppose -4*u = u - 25. Suppose 0*h = 2*r + 4*h - 34, r + h = 13. What is the remainder when r/(6/2)*3 is divided by u?
4
Suppose -3*m + 16 = -0*m - 5*n, -3*m + 3*n = -12. Suppose -g = -4*r - 48, -2*r - r = m*g - 74. Calculate the remainder when g is divided by 11.
7
Let i(v) = -v**3 + 8*v**2 - 4*v - 9. Suppose -4*l - 4*f = -156, 48 = 4*l - 2*l - 4*f. Calculate the remainder when l is divided by i(7).
10
Let i(q) = -2*q**2 + 15*q + 1. What is the remainder when 47 is divided by i(7)?
7
Suppose 3*u - 4*u + 4 = 0. What is the remainder when 42 is divided by u?
2
Let l(z) = z - 3. Let d be l(6). Let g(q) = 2*q**3 - 4*q**2 - 2. Let u = -606 - -635. Calculate the remainder when u is divided by g(d).
13
Let l = 56 - 54. What is the remainder when l is divided by 1?
0
Let c = -128 - -296. Calculate the remainder when c is divided by 43.
39
Let a = 7 + 1. Let w(m) = -2*m - 7 - 3 + 8*m. What is the remainder when w(4) is divided by a?
6
Let p be (2/(-4))/(3/(-408)). Suppose 0 = -0*m - 4*m + p. Calculate the remainder when m is divided by 6.
5
Let p(k) = -6*k - 9*k**2 - 7 + 8*k**2 - k - 4*k. What is the remainder when p(-9) is divided by 6?
5
Suppose 0 = 13*r - 56 - 139. What is the remainder when r is divided by 5?
0
Let l = -46 + 74. Let f(g) = 14*g**2 + g. Let h be (3 - 0) + -4 - -2. Calculate the remainder when l is divided by f(h).
13
Let c = 25 - 11. What is the remainder when c is divided by 4 + (0 - (3 - 2))?
2
Suppose 4*x = 3*x + 26. What is the remainder when x is divided by 19?
7
Let w = -33 - -38. What is the remainder when 24 is divided by w?
4
Suppose -96 - 172 = -4*g. Suppose 5*y - 102 = 13. Calculate the remainder when g is divided by y.
21
Let n = 119 - 63. Suppose l + b = 8, -5*l - b = -0*b - n. What is the remainder when 21 is divided by l?
9
Let v = -2 + 4. Let p = 0 + v. What is the remainder when 52 is divided by p*(-1 + 30/3)?
16
Let m(f) = -f**3 + 2*f**2 + f. Let o = -7 - -4. Calculate the remainder when m(o) is divided by 22.
20
Let c be (-537)/(-11) - (-2)/11. Suppose 0 = -4*a + c + 155. What is the remainder when a is divided by 13?
12
Suppose -5*o + 2*f = -80, f - 2*f - 33 = -2*o. Suppose -4*p + 125 = p. Calculate the remainder when p is divided by o.
11
Suppose w + 2*w - 6 = 0, x = -4*w + 12. Let y = 7 + -10. Let b(g) = g**2 + 2*g - 1. What is the remainder when x is divided by b(y)?
0
Suppose -2*h - h - w = -155, -5*w - 25 = -h. Let p be 2/(-6)*0/4. Let m = p - -13. Calculate the remainder when h is divided by m.
11
Suppose -27 = -p + 5*s, 3*s - 79 = -2*p - 3*p. Let d = -2 - -5. Suppose q = d*q - 98. Calculate the remainder when q is divided by p.
15
Let j(c) = 2*c**2 - 2*c - 4. Let z be (2 - 2)*(-1)/2. Suppose 2*w - 1 - 9 = z. What is the remainder when j(3) is divided by w?
3
Suppose 0*b = 4*r - b - 381, 0 = b - 3. What is the remainder when r is divided by 14?
12
Suppose 0 = -0*n - 2*n + 6. Suppose -5*o = n*r, 5*o + 2*r - 5 = -0. Calculate the remainder when 6 is divided by o.
0
Let g(w) = -2*w. Calculate the remainder when 28 is divided by g(-5).
8
Suppose 5*k = -3*l + 21 + 107, -4*l + 163 = -k. Let d(m) = -m**3 - 5*m**2 + 4*m + 10. What is the remainder when l is divided by d(-6)?
19
Suppose 6*p - 4 = 44. What is the remainder when 62 is divided by p?
6
Let h(o) = -o**3 - 5*o**2 + 3*o - 8. Let w = 1 + 11. Suppose i - 7 = w. Calculate the remainder when i is divided by h(-6).
9
Suppose 4 = -5*t - 0*j - j, -3*j - 12 = 0. Suppose t = -w - 3*a, 3*w = 4*w - 3*a - 6. What is the remainder when w is divided by 2?
1
Let b = -24 - -47. Suppose -v - 2*z + 27 = 4*v, -3*v = 5*z - 20. Suppose -4*k + 48 = -2*d, -4*k - v*d + 2*d = -58. What is the remainder when b is divided by k?
10
Let d(i) = i**3 - 14*i**2 + 61*i - 26. Suppose 0 = -r - y + 10, 50 = 4*r - 2*r - 4*y. Calculate the remainder when d(7) is divided by r.
13
Suppose -4*b + 224 = 3*b. What is the remainder when b is divided by 13?
6
Suppose -l = 4*n + 111, 0 = -4*n + 4*l - 2*l - 126. Let u = -23 + 7. Let j = u - n. Calculate the remainder when 38 is divided by j.
12
Let w = 4 + -1. Suppos